ase 14) to base 3.
-100012
-51 (base 8) to base 11
-38
4 (base 16) to base 13
4
21212 (base 3) to base 9
255
-1 (base 10) to base 7
-1
2010 (base 3) to base 2
111001
What is 1 (base 13) in base 6?
1
What is 0 (base 7) in base 16?
0
What is 10 (base 7) in base 14?
7
Convert -10000 (base 2) to base 13.
-13
What is -1110 (base 2) in base 11?
-13
Convert -2 (base 7) to base 6.
-2
4 (base 14) to base 12
4
b (base 16) to base 15
b
Convert -111001 (base 2) to base 11.
-52
-223 (base 4) to base 9
-47
What is 1c (base 15) in base 6?
43
What is 4 (base 6) in base 16?
4
-302 (base 8) to base 6
-522
Convert -17 (base 11) to base 6.
-30
Convert -12 (base 5) to base 11.
-7
What is 63 (base 8) in base 9?
56
-9 (base 15) to base 10
-9
-1223 (base 4) to base 10
-107
What is -30 (base 7) in base 14?
-17
What is 1001 (base 2) in base 15?
9
Convert 101 (base 4) to base 16.
11
What is -8 (base 15) in base 9?
-8
-ce (base 15) to base 13
-11c
-7 (base 11) to base 9
-7
What is -3 (base 11) in base 10?
-3
Convert 25 (base 12) to base 2.
11101
Convert 1 (base 16) to base 10.
1
Convert 306 (base 11) to base 8.
561
What is 333 (base 5) in base 15?
63
What is 11 (base 2) in base 10?
3
10010 (base 2) to base 3
200
-15 (base 8) to base 9
-14
-1 (base 3) to base 10
-1
Convert -162 (base 14) to base 5.
-2112
What is -1 (base 7) in base 16?
-1
Convert -8 (base 12) to base 13.
-8
-1000001 (base 2) to base 3
-2102
1 (base 16) to base 7
1
Convert -9 (base 10) to base 2.
-1001
0 (base 3) to base 14
0
What is -21 (base 7) in base 16?
-f
What is -11 (base 3) in base 14?
-4
-5 (base 7) to base 3
-12
222 (base 3) to base 6
42
Convert -12 (base 3) to base 7.
-5
What is -2112 (base 4) in base 6?
-410
-124 (base 6) to base 14
-3a
What is -51 (base 11) in base 16?
-38
What is -3 (base 11) in base 8?
-3
Convert 4 (base 13) to base 4.
10
What is -46 (base 9) in base 10?
-42
Convert 3 (base 13) to base 10.
3
What is -28 (base 10) in base 8?
-34
Convert 312 (base 6) to base 9.
138
12 (base 4) to base 13
6
3 (base 16) to base 6
3
Convert 3 (base 15) to base 16.
3
Convert -1 (base 14) to base 3.
-1
What is -10 (base 5) in base 10?
-5
-383 (base 10) to base 2
-101111111
35 (base 7) to base 5
101
-3 (base 16) to base 15
-3
Convert 1 (base 3) to base 16.
1
What is -43 (base 13) in base 2?
-110111
-232 (base 8) to base 13
-bb
Convert 102 (base 3) to base 7.
14
Convert 32 (base 14) to base 2.
101100
Convert -40 (base 8) to base 10.
-32
-1a (base 15) to base 5
-100
What is -4 (base 10) in base 12?
-4
What is 3 (base 11) in base 4?
3
Convert 14 (base 5) to base 7.
12
Convert 20 (base 10) to base 12.
18
What is -23 (base 7) in base 16?
-11
-5 (base 13) to base 2
-101
What is 241 (base 7) in base 13?
9a
-6 (base 9) to base 3
-20
Convert -1101111 (base 2) to base 15.
-76
Convert -230 (base 4) to base 15.
-2e
What is -43 (base 9) in base 14?
-2b
What is 57 (base 13) in base 10?
72
What is 1 (base 3) in base 13?
1
What is 111 (base 2) in base 15?
7
Convert -126 (base 8) to base 7.
-152
15 (base 7) to base 8
14
2122 (base 4) to base 9
181
16 (base 11) to base 7
23
-65 (base 7) to base 4
-233
-8 (base 10) to base 6
-12
Convert -106 (base 13) to base 4.
-2233
Convert -2 (base 10) to base 8.
-2
What is -34 (base 11) in base 7?
-52
0 (base 13) to base 5
0
What is 23 (base 15) in base 5?
113
What is -2 (base 16) in base 7?
-2
What is -9 (base 16) in base 9?
-10
Convert 5 (base 7) to base 3.
12
-1 (base 5) to base 10
-1
Convert -53 (base 8) to base 16.
-2b
Convert 40 (base 9) to base 11.
33
Convert 1 (base 8) to base 14.
1
-3b (base 15) to base 14
-40
What is 4 (base 9) in base 8?
4
Convert -64 (base 9) to base 12.
-4a
What is 10b (base 15) in base 12?
178
Convert -5 (base 16) to base 12.
-5
Convert -1320 (base 4) to base 13.
-93
533 (base 6) to base 2
11001001
What is -2 (base 4) in base 15?
-2
Convert -81 (base 13) to base 9.
-126
Convert 17 (base 16) to base 5.
43
What is -11100 (base 2) in base 16?
-1c
Convert -21 (base 9) to base 15.
-14
What is -2 (base 11) in base 8?
-2
What is 1 (base 16) in base 8?
1
Convert -231 (base 13) to base 9.
-460
Convert -445 (base 6) to base 4.
-2231
What is -1 (base 7) in base 9?
-1
Convert -11011101 (base 2) to base 8.
-335
-30 (base 6) to base 4
-102
What is 44 (base 9) in base 16?
28
209 (base 12) to base 4
10221
Convert -5c (base 16) to base 4.
-1130
Convert -15 (base 6) to base 14.
-b
What is -23 (base 12) in base 15?
-1c
Convert -3 (base 14) to base 5.
-3
What is 12 (base 9) in base 14?
b
Convert 1001010 (base 2) to base 8.
112
Convert 0 (base 16) to base 10.
0
What is -dc (base 14) in base 5?
-1234
What is 23 (base 5) in base 13?
10
-10 (base 6) to base 12
-6
0 (base 5) to base 14
0
What is 0 (base 13) in base 3?
0
What is -101 (base 2) in base 3?
-12
Convert -24 (base 7) to base 11.
-17
Convert 6 (base 10) to base 12.
6
What is -103 (base 7) in base 4?
-310
What is 23 (base 13) in base 2?
11101
-107 (base 9) to base 4
-1120
What is 14 (base 5) in base 16?
9
What is -42 (base 9) in base 6?
-102
-2 (base 11) to base 10
-2
Convert 27 (base 15) to base 14.
29
What is -4 (base 9) in base 5?
-4
Convert 3 (base 9) to base 2.
11
50 (base 8) to base 13
31
Convert 12 (base 3) to base 13.
5
145 (base 7) to base 2
1010010
Convert 11 (base 15) to base 4.
100
Convert -21 (base 6) to base 16.
-d
Convert 12 (base 3) to base 16.
5
Convert 3 (base 8) to base 15.
3
0 (base 4) to base 3
0
Convert 0 (base 11) to base 16.
0
What is 2 (base 4) in base 9?
2
-110 (base 2) to base 9
-6
-220 (base 11) to base 14
-14c
Convert -12 (base 10) to base 12.
-10
-110 (base 2) to base 5
-11
-20 (base 14) to base 12
-24
What is -2 (base 9) in base 8?
-2
What is 3 (base 5) in base 11?
3
4 (base 16) to base 6
4
-11110000 (base 2) to base 4
-3300
What is 32 (base 7) in base 14?
19
Convert -1a (base 14) to base 15.
-19
Convert ab (base 13) to base 14.
a1
What is 11 (base 14) in base 7?
21
Convert -2 (base 10) to base 3.
-2
What is 126 (base 9) in base 8?
151
Convert 15 (base 15) to base 14.
16
-233 (base 5) to base 11
-62
What is 2 (base 15) in base 2?
10
What is 4 (base 11) in base 5?
4
Convert 10 (base 5) to base 2.
101
1 (base 16) to base 11
1
Convert -121 (base 3) to base 12.
-14
20 (base 7) to base 11
13
Convert -6 (base 10) to base 13.
-6
What is 77 (base 12) in base 13?
70
158 (base 12) to base 14
112
What is 1 (base 5) in base 6?
1
Convert 61 (base 15) to base 11.
83
Convert -3 (base 14) to base 5.
-3
Convert 1 (base 13) to base 16.
1
What is 32 (base 6) in base 15?
15
Convert -13 (base 4) to base 9.
-7
What is -2120 (base 4) in base 13?
-b9
What is 3 (base 4) in base 16?
3
5 (base 10) to base 12
5
What is -6 (base 9) in base 16?
-6
What is 7 (base 15) in base 16?
7
Convert 11213 (base 4) to base 8.
547
101 (base 2) to base 6
5
-444 (base 6) to base 16
-ac
6 (base 16) to base 5
11
Convert 0 (base 12) to base 14.
0
Convert -1 (base 14) to base 2.
-1
2 (base 8) to base 7
2
120 (base 9) to base 4
1203
-55 (base 9) to base 2
-110010
Convert -161 (base 7) to base 10.
-92
Convert -15 (base 13) to base 5.
-33
-58 (base 14) to base 7
-141
-a1 (base 13) to base 14
-95
What is -135 (base 6) in base 9?
-65
6 (base 7) to base 15
6
0 (base 16) to base 14
0
What is -2 (base 4) in base 15?
-2
What is -31 (base 11) in base 2?
-100010
What is 11 (base 6) in base 5?
12
What is 13 (base 4) in base 10?
7
Convert 142 (base 8) to base 4.
1202
-19 (base 14) to base 16
-17
30 (base 5) to base 15
10
-154 (base 9) to base 14
-94
What is 3 (base 9) in base 6?
3
2023 (base 4) to base 11
117
-2b (base 16) to base 9
-47
11 (base 4) to base 9
5
What is -2 (base 8) in base 4?
-2
4 (base 9) to base 8
4
Convert 188 (base 10) to base 11.
161
What is -1 (base 16) in base 11?
-1
-14 (base 5) to base 4
-21
-a (base 14) to base 5
-20
What is 17 (base 12) in base 4?
103
What is -4 (base 8) in base 9?
-4
2 (base 4) to base 15
2
3 (base 9) to base 10
3
11 (base 5) to base 2
110
-422 (base 5) to base 10
-112
-30 (base 13) to base 3
-1110
What is -3 (base 6) in base 3?
-10
What is 1a (base 16) in base 8?
32
What is -2 (base 6) in base 8?
-2
What is 113 (base 4) in base 7?
32
What is 3 (base 11) in base 5?
3
Convert -9 (base 15) to base 6.
-13
Convert 82 (base 11) to base 3.
10100
What is -29 (base 12) in base 8?
-41
Convert 1010010 (base 2